{"id":20,"date":"2023-05-28T16:25:11","date_gmt":"2023-05-28T16:25:11","guid":{"rendered":"http:\/\/www.caninelite.net\/?page_id=20"},"modified":"2026-04-24T13:28:34","modified_gmt":"2026-04-24T10:28:34","slug":"tietoja","status":"publish","type":"page","link":"http:\/\/www.caninelite.net\/index.php\/tietoja\/","title":{"rendered":"Meist\u00e4 &#8211; About us"},"content":{"rendered":"\n<p>Kasvatamme pienimuotoisesti staffordshirenbullterrierej\u00e4 Pornaisten Halkiassa. Staffipiireiss\u00e4 ja -kasvattajana olen viel\u00e4 alkumetreill\u00e4, ja t\u00e4h\u00e4n menness\u00e4 olen kasvattanut kuusi pentuetta.<\/p>\n\n\n\n<p>Tavoitteeni on kasvattaa mahdollisimman terveit\u00e4 ja rodunomaisia staffeja \u2013 ennen kaikkea perheenj\u00e4seni\u00e4, ihmisen parhaita yst\u00e4vi\u00e4 ja aktiivisia harrastuskavereita. Kasvatusty\u00f6ni perustuu selkeisiin eettisiin valintoihin: ulkon\u00e4k\u00f6 ei ole l\u00e4ht\u00f6kohta, vaan etusijalla ovat terveys ja luonne.<\/p>\n\n\n\n<p>Panostan jalostusvalinnoissa erityisesti terveyteen. K\u00e4ytt\u00e4m\u00e4ni jalostuskoirat ovat kattavasti tutkittuja, ja suosin koiria, joilta on tutkittu enemm\u00e4n kuin PEVISAn minimivaatimukset. Tavoitteeni on tehd\u00e4 pitk\u00e4j\u00e4nteist\u00e4 ty\u00f6t\u00e4 rodun hyvinvoinnin eteen, avoimesti ja vastuullisesti.<\/p>\n\n\n\n<p>Luonne ja harrastusominaisuudet ovat minulle v\u00e4hint\u00e4\u00e4n yht\u00e4 t\u00e4rkeit\u00e4 kuin terveys. Haluan kasvattaa tasapainoisia koiria, joilla on sopivasti potkua tekemiseen, mutta jotka ovat arjessa mutkattomia ja helposti el\u00e4vi\u00e4 kumppaneita. Koiria, jotka l\u00e4htev\u00e4t innolla mukaan \u2013 mutta osaavat my\u00f6s rauhoittua.<\/p>\n\n\n\n<p>Rakenteellisesti suosin kevyemp\u00e4\u00e4 kuin raskasta tyyppi\u00e4: ketter\u00e4\u00e4, tasapainoista, kest\u00e4v\u00e4\u00e4 ja sporttista staffia. Kaikki kasvattini eiv\u00e4t v\u00e4ltt\u00e4m\u00e4tt\u00e4 ole n\u00e4yttelykehien kirkkaimpia t\u00e4hti\u00e4, eik\u00e4 se ole tavoitteeni. Minulle t\u00e4rkeint\u00e4 on selke\u00e4 rotutyyppi ja toimiva, koiraa tukeva rakenne.<\/p>\n\n\n\n<p>Valitsen yhdistelm\u00e4t huolella ja tutustun mahdollisimman laajasti jalostuskoiriin sek\u00e4 niiden taustoihin. Jokainen pentue on harkittu kokonaisuus \u2013 yhdistelm\u00e4, josta voisin itsekin hyvill\u00e4 mielin ottaa pennun.<\/p>\n\n\n\n<p>Pennut kasvavat osana arkea, tiiviiss\u00e4 kontaktissa ihmisiin ja muihin koiriin. Ne saavat turvallisen, virikkeellisen ja kokemusrikkaan alun el\u00e4m\u00e4lleen \u2013 pohjan, jolle on hyv\u00e4 rakentaa.<\/p>\n\n\n\n<p>\/\/<\/p>\n\n\n\n<p>We are a small-scale breeder of Staffordshire Bull Terriers in Halkia, Pornainen, Finland. I am still in the early stages of my journey as a breeder, having bred four litters so far.<\/p>\n\n\n\n<p>My goal is to breed Staffordshire Bull Terriers that are as healthy and true to type as possible\u2014first and foremost as family members, loyal companions, and active partners in everyday life. My breeding is guided by clear ethical principles: appearance is never the starting point\u2014health and temperament always come first.<\/p>\n\n\n\n<p>Health plays a central role in my breeding decisions. The dogs I use are extensively health tested, and I favor individuals that have been examined beyond the minimum requirements of the official breed health program (PEVISA). My aim is to contribute to the long-term well-being of the breed through responsible and transparent breeding practices.<\/p>\n\n\n\n<p>Temperament and working ability are just as important to me as health. I strive to produce well-balanced dogs with enough drive for various activities, while remaining easygoing and adaptable in everyday life. Dogs that are eager to engage\u2014but also able to settle.<\/p>\n\n\n\n<p>In terms of structure, I prefer a lighter type over a heavier one\u2014agile, balanced, durable, and athletic. Not all of my dogs will be top winners in the show ring, and that is not my primary goal. What matters most to me is a clear breed type and a functional structure that supports the dog\u2019s well-being.<\/p>\n\n\n\n<p>I carefully plan each breeding combination and make an effort to get to know both the dogs and their backgrounds as thoroughly as possible. Every litter is a thoughtfully considered whole\u2014always a combination from which I would happily keep a puppy myself.<\/p>\n\n\n\n<p>Puppies are raised as part of everyday life, in close contact with people and other dogs. They are given a safe, enriching, and experience-rich start\u2014providing a strong foundation for their future.<\/p>\n","protected":false},"excerpt":{"rendered":"<p>Kasvatamme pienimuotoisesti staffordshirenbullterrierej\u00e4 Pornaisten Halkiassa. Staffipiireiss\u00e4 ja -kasvattajana olen viel\u00e4 alkumetreill\u00e4, ja t\u00e4h\u00e4n menness\u00e4 olen kasvattanut kuusi pentuetta. Tavoitteeni on kasvattaa mahdollisimman terveit\u00e4 ja rodunomaisia staffeja \u2013 ennen kaikkea perheenj\u00e4seni\u00e4, ihmisen parhaita yst\u00e4vi\u00e4 ja aktiivisia harrastuskavereita. Kasvatusty\u00f6ni perustuu selkeisiin eettisiin valintoihin: ulkon\u00e4k\u00f6 ei ole l\u00e4ht\u00f6kohta, vaan etusijalla ovat terveys ja luonne. Panostan jalostusvalinnoissa erityisesti terveyteen.&hellip; <a href=\"http:\/\/www.caninelite.net\/index.php\/tietoja\/\" class=\"more-link\">Jatka lukemista <span class=\"screen-reader-text\">Meist\u00e4 &#8211; About us<\/span><\/a><\/p>\n","protected":false},"author":1,"featured_media":0,"parent":0,"menu_order":0,"comment_status":"closed","ping_status":"closed","template":"","meta":{"footnotes":""},"class_list":["post-20","page","type-page","status-publish","hentry","without-featured-image"],"_links":{"self":[{"href":"http:\/\/www.caninelite.net\/index.php\/wp-json\/wp\/v2\/pages\/20","targetHints":{"allow":["GET"]}}],"collection":[{"href":"http:\/\/www.caninelite.net\/index.php\/wp-json\/wp\/v2\/pages"}],"about":[{"href":"http:\/\/www.caninelite.net\/index.php\/wp-json\/wp\/v2\/types\/page"}],"author":[{"embeddable":true,"href":"http:\/\/www.caninelite.net\/index.php\/wp-json\/wp\/v2\/users\/1"}],"replies":[{"embeddable":true,"href":"http:\/\/www.caninelite.net\/index.php\/wp-json\/wp\/v2\/comments?post=20"}],"version-history":[{"count":12,"href":"http:\/\/www.caninelite.net\/index.php\/wp-json\/wp\/v2\/pages\/20\/revisions"}],"predecessor-version":[{"id":1118,"href":"http:\/\/www.caninelite.net\/index.php\/wp-json\/wp\/v2\/pages\/20\/revisions\/1118"}],"wp:attachment":[{"href":"http:\/\/www.caninelite.net\/index.php\/wp-json\/wp\/v2\/media?parent=20"}],"curies":[{"name":"wp","href":"https:\/\/api.w.org\/{rel}","templated":true}]}}