{"id":998,"date":"2025-07-29T07:35:43","date_gmt":"2025-07-29T04:35:43","guid":{"rendered":"https:\/\/www.caninelite.net\/?page_id=998"},"modified":"2026-03-31T10:43:42","modified_gmt":"2026-03-31T07:43:42","slug":"komplikaatio-complications-17-4-2025","status":"publish","type":"page","link":"http:\/\/www.caninelite.net\/index.php\/komplikaatio-complications-17-4-2025\/","title":{"rendered":"Komplikaatio &#8211; Complications &#8211; 17.4.2025"},"content":{"rendered":"\n<figure class=\"wp-block-image size-large\"><img loading=\"lazy\" decoding=\"async\" width=\"1024\" height=\"721\" src=\"https:\/\/www.caninelite.net\/wp-content\/uploads\/2025\/07\/Pentuekuva-1024x721.jpeg\" alt=\"\" class=\"wp-image-999\" srcset=\"http:\/\/www.caninelite.net\/wp-content\/uploads\/2025\/07\/Pentuekuva-1024x721.jpeg 1024w, http:\/\/www.caninelite.net\/wp-content\/uploads\/2025\/07\/Pentuekuva-300x211.jpeg 300w, http:\/\/www.caninelite.net\/wp-content\/uploads\/2025\/07\/Pentuekuva-768x541.jpeg 768w, http:\/\/www.caninelite.net\/wp-content\/uploads\/2025\/07\/Pentuekuva-1536x1082.jpeg 1536w, http:\/\/www.caninelite.net\/wp-content\/uploads\/2025\/07\/Pentuekuva.jpeg 2048w\" sizes=\"auto, (max-width: 1024px) 100vw, 1024px\" \/><\/figure>\n\n\n\n<hr class=\"wp-block-separator has-alpha-channel-opacity\"\/>\n\n\n\n<p><strong>Caninelite Oopsie Daisy &#8211; Sooda<\/strong><\/p>\n\n\n\n<p><a href=\"https:\/\/sbtpedigree.com\/dog_details?dogs_id=4561353\" target=\"_blank\" rel=\"noreferrer noopener\">SBTpedigree.com<\/a><\/p>\n\n\n\n<p><a href=\"https:\/\/jalostus.kennelliitto.fi\/frmKoira.aspx?RekNo=FI25962%2F25&amp;R=76\" target=\"_blank\" rel=\"noreferrer noopener\">KoiraNet-jalostustietoj\u00e4rjestelm\u00e4<\/a><\/p>\n\n\n\n<p>HC &amp; L2HGA clear by parentage<\/p>\n\n\n\n<figure class=\"wp-block-gallery has-nested-images columns-default is-cropped wp-block-gallery-1 is-layout-flex wp-block-gallery-is-layout-flex\">\n<figure class=\"wp-block-image size-large\"><img loading=\"lazy\" decoding=\"async\" width=\"768\" height=\"1024\" data-id=\"1109\" src=\"https:\/\/www.caninelite.net\/wp-content\/uploads\/2026\/03\/Sooda4-768x1024.jpeg\" alt=\"\" class=\"wp-image-1109\" srcset=\"http:\/\/www.caninelite.net\/wp-content\/uploads\/2026\/03\/Sooda4-768x1023.jpeg 768w, http:\/\/www.caninelite.net\/wp-content\/uploads\/2026\/03\/Sooda4-225x300.jpeg 225w, http:\/\/www.caninelite.net\/wp-content\/uploads\/2026\/03\/Sooda4.jpeg 1013w\" sizes=\"auto, (max-width: 768px) 100vw, 768px\" \/><\/figure>\n\n\n\n<figure class=\"wp-block-image size-large\"><img loading=\"lazy\" decoding=\"async\" width=\"768\" height=\"1024\" data-id=\"1001\" src=\"https:\/\/www.caninelite.net\/wp-content\/uploads\/2025\/07\/Sooda1-768x1024.jpeg\" alt=\"\" class=\"wp-image-1001\" srcset=\"http:\/\/www.caninelite.net\/wp-content\/uploads\/2025\/07\/Sooda1-768x1024.jpeg 768w, http:\/\/www.caninelite.net\/wp-content\/uploads\/2025\/07\/Sooda1-225x300.jpeg 225w, http:\/\/www.caninelite.net\/wp-content\/uploads\/2025\/07\/Sooda1-1152x1536.jpeg 1152w, http:\/\/www.caninelite.net\/wp-content\/uploads\/2025\/07\/Sooda1.jpeg 1536w\" sizes=\"auto, (max-width: 768px) 100vw, 768px\" \/><\/figure>\n<\/figure>\n\n\n\n<hr class=\"wp-block-separator has-alpha-channel-opacity\"\/>\n\n\n\n<p><strong>Caninelite Tiny Tornado &#8211; Helmi<\/strong><\/p>\n\n\n\n<p><a href=\"https:\/\/sbtpedigree.com\/dog_details?dogs_id=4561354\" target=\"_blank\" rel=\"noreferrer noopener\">SBTpedigree.com<\/a><\/p>\n\n\n\n<p><a href=\"https:\/\/jalostus.kennelliitto.fi\/frmKoira.aspx?RekNo=FI25963%2F25&amp;R=76\" target=\"_blank\" rel=\"noreferrer noopener\">KoiraNet-jalostustietoj\u00e4rjestelm\u00e4<\/a><\/p>\n\n\n\n<p>HC &amp; L2HGA clear by parentage<\/p>\n\n\n\n<figure class=\"wp-block-gallery has-nested-images columns-default is-cropped wp-block-gallery-2 is-layout-flex wp-block-gallery-is-layout-flex\">\n<figure class=\"wp-block-image size-large\"><img loading=\"lazy\" decoding=\"async\" width=\"819\" height=\"1024\" data-id=\"1063\" src=\"https:\/\/www.caninelite.net\/wp-content\/uploads\/2025\/12\/Helmi3-819x1024.jpeg\" alt=\"\" class=\"wp-image-1063\" srcset=\"http:\/\/www.caninelite.net\/wp-content\/uploads\/2025\/12\/Helmi3-819x1024.jpeg 819w, http:\/\/www.caninelite.net\/wp-content\/uploads\/2025\/12\/Helmi3-240x300.jpeg 240w, http:\/\/www.caninelite.net\/wp-content\/uploads\/2025\/12\/Helmi3-768x960.jpeg 768w, http:\/\/www.caninelite.net\/wp-content\/uploads\/2025\/12\/Helmi3.jpeg 1080w\" sizes=\"auto, (max-width: 819px) 100vw, 819px\" \/><\/figure>\n\n\n\n<figure class=\"wp-block-image size-large\"><img loading=\"lazy\" decoding=\"async\" width=\"768\" height=\"1024\" data-id=\"1002\" src=\"https:\/\/www.caninelite.net\/wp-content\/uploads\/2025\/07\/Helmi1-768x1024.jpeg\" alt=\"\" class=\"wp-image-1002\" srcset=\"http:\/\/www.caninelite.net\/wp-content\/uploads\/2025\/07\/Helmi1-768x1024.jpeg 768w, http:\/\/www.caninelite.net\/wp-content\/uploads\/2025\/07\/Helmi1-225x300.jpeg 225w, http:\/\/www.caninelite.net\/wp-content\/uploads\/2025\/07\/Helmi1-1152x1536.jpeg 1152w, http:\/\/www.caninelite.net\/wp-content\/uploads\/2025\/07\/Helmi1.jpeg 1536w\" sizes=\"auto, (max-width: 768px) 100vw, 768px\" \/><\/figure>\n<\/figure>\n\n\n\n<hr class=\"wp-block-separator has-alpha-channel-opacity\"\/>\n\n\n\n<p><strong>Caninelite Hold My Beer &#8211; Seppo<\/strong><\/p>\n\n\n\n<p><a href=\"https:\/\/sbtpedigree.com\/dog_details?dogs_id=4561355\" target=\"_blank\" rel=\"noreferrer noopener\">SBTpedigree.com<\/a><\/p>\n\n\n\n<p><a href=\"https:\/\/jalostus.kennelliitto.fi\/frmKoira.aspx?RekNo=FI25960%2F25&amp;R=76\" target=\"_blank\" rel=\"noreferrer noopener\">KoiraNet-jalostustietoj\u00e4rjestelm\u00e4<\/a><\/p>\n\n\n\n<p>HC &amp; L2HGA clear by parentage<\/p>\n\n\n\n<figure class=\"wp-block-gallery has-nested-images columns-default is-cropped wp-block-gallery-3 is-layout-flex wp-block-gallery-is-layout-flex\">\n<figure class=\"wp-block-image size-large\"><img loading=\"lazy\" decoding=\"async\" width=\"768\" height=\"1024\" data-id=\"1111\" src=\"https:\/\/www.caninelite.net\/wp-content\/uploads\/2026\/03\/Seppo4-768x1024.jpeg\" alt=\"\" class=\"wp-image-1111\" srcset=\"http:\/\/www.caninelite.net\/wp-content\/uploads\/2026\/03\/Seppo4-768x1023.jpeg 768w, http:\/\/www.caninelite.net\/wp-content\/uploads\/2026\/03\/Seppo4-225x300.jpeg 225w, http:\/\/www.caninelite.net\/wp-content\/uploads\/2026\/03\/Seppo4.jpeg 1013w\" sizes=\"auto, (max-width: 768px) 100vw, 768px\" \/><\/figure>\n\n\n\n<figure class=\"wp-block-image size-large\"><img loading=\"lazy\" decoding=\"async\" width=\"768\" height=\"1024\" data-id=\"1007\" src=\"https:\/\/www.caninelite.net\/wp-content\/uploads\/2025\/07\/Seppo1-1-768x1024.jpeg\" alt=\"\" class=\"wp-image-1007\" srcset=\"http:\/\/www.caninelite.net\/wp-content\/uploads\/2025\/07\/Seppo1-1-768x1024.jpeg 768w, http:\/\/www.caninelite.net\/wp-content\/uploads\/2025\/07\/Seppo1-1-225x300.jpeg 225w, http:\/\/www.caninelite.net\/wp-content\/uploads\/2025\/07\/Seppo1-1-1152x1536.jpeg 1152w, http:\/\/www.caninelite.net\/wp-content\/uploads\/2025\/07\/Seppo1-1.jpeg 1536w\" sizes=\"auto, (max-width: 768px) 100vw, 768px\" \/><\/figure>\n<\/figure>\n\n\n\n<hr class=\"wp-block-separator has-alpha-channel-opacity\"\/>\n\n\n\n<p><strong>Caninelite Unexpected Plot Twist &#8211; Lemmy<\/strong><\/p>\n\n\n\n<p><a href=\"https:\/\/sbtpedigree.com\/dog_details?dogs_id=4561356\" target=\"_blank\" rel=\"noreferrer noopener\">SBTpedigree.com<\/a><\/p>\n\n\n\n<p><a href=\"https:\/\/jalostus.kennelliitto.fi\/frmKoira.aspx?RekNo=FI25961%2F25&amp;R=76\" target=\"_blank\" rel=\"noreferrer noopener\">KoiraNet-jalostustietoj\u00e4rjestelm\u00e4<\/a><\/p>\n\n\n\n<p>HC &amp; L2HGA clear by parentage<\/p>\n\n\n\n<figure class=\"wp-block-gallery has-nested-images columns-default is-cropped wp-block-gallery-4 is-layout-flex wp-block-gallery-is-layout-flex\">\n<figure class=\"wp-block-image size-large\"><img loading=\"lazy\" decoding=\"async\" width=\"769\" height=\"1024\" data-id=\"1112\" src=\"https:\/\/www.caninelite.net\/wp-content\/uploads\/2026\/03\/Lemmy4-769x1024.jpeg\" alt=\"\" class=\"wp-image-1112\" srcset=\"http:\/\/www.caninelite.net\/wp-content\/uploads\/2026\/03\/Lemmy4-769x1024.jpeg 769w, http:\/\/www.caninelite.net\/wp-content\/uploads\/2026\/03\/Lemmy4-225x300.jpeg 225w, http:\/\/www.caninelite.net\/wp-content\/uploads\/2026\/03\/Lemmy4-768x1022.jpeg 768w, http:\/\/www.caninelite.net\/wp-content\/uploads\/2026\/03\/Lemmy4.jpeg 1014w\" sizes=\"auto, (max-width: 769px) 100vw, 769px\" \/><\/figure>\n\n\n\n<figure class=\"wp-block-image size-large\"><img loading=\"lazy\" decoding=\"async\" width=\"768\" height=\"1024\" data-id=\"1008\" src=\"https:\/\/www.caninelite.net\/wp-content\/uploads\/2025\/07\/Lemmy1-768x1024.jpeg\" alt=\"\" class=\"wp-image-1008\" srcset=\"http:\/\/www.caninelite.net\/wp-content\/uploads\/2025\/07\/Lemmy1-768x1024.jpeg 768w, http:\/\/www.caninelite.net\/wp-content\/uploads\/2025\/07\/Lemmy1-225x300.jpeg 225w, http:\/\/www.caninelite.net\/wp-content\/uploads\/2025\/07\/Lemmy1-1152x1536.jpeg 1152w, http:\/\/www.caninelite.net\/wp-content\/uploads\/2025\/07\/Lemmy1.jpeg 1536w\" sizes=\"auto, (max-width: 768px) 100vw, 768px\" \/><\/figure>\n<\/figure>\n\n\n\n<hr class=\"wp-block-separator has-alpha-channel-opacity\"\/>\n\n\n\n<p><strong>Caninelite What Could Possibly Go Wrong &#8211; Pingu<\/strong><\/p>\n\n\n\n<p><a href=\"https:\/\/sbtpedigree.com\/dog_details?dogs_id=4561357\" target=\"_blank\" rel=\"noreferrer noopener\">SBTpedigree.com<\/a><\/p>\n\n\n\n<p><a href=\"https:\/\/jalostus.kennelliitto.fi\/frmKoira.aspx?RekNo=FI25959%2F25&amp;R=76\" target=\"_blank\" rel=\"noreferrer noopener\">KoiraNet-jalostustietoj\u00e4rjestelm\u00e4<\/a><\/p>\n\n\n\n<p>HC &amp; L2HGA clear by parentage<\/p>\n\n\n\n<figure class=\"wp-block-gallery has-nested-images columns-default is-cropped wp-block-gallery-5 is-layout-flex wp-block-gallery-is-layout-flex\">\n<figure class=\"wp-block-image size-large\"><img loading=\"lazy\" decoding=\"async\" width=\"769\" height=\"1024\" data-id=\"1113\" src=\"https:\/\/www.caninelite.net\/wp-content\/uploads\/2026\/03\/Pingu4-769x1024.jpeg\" alt=\"\" class=\"wp-image-1113\" srcset=\"http:\/\/www.caninelite.net\/wp-content\/uploads\/2026\/03\/Pingu4-769x1024.jpeg 769w, http:\/\/www.caninelite.net\/wp-content\/uploads\/2026\/03\/Pingu4-225x300.jpeg 225w, http:\/\/www.caninelite.net\/wp-content\/uploads\/2026\/03\/Pingu4-768x1022.jpeg 768w, http:\/\/www.caninelite.net\/wp-content\/uploads\/2026\/03\/Pingu4.jpeg 1014w\" sizes=\"auto, (max-width: 769px) 100vw, 769px\" \/><\/figure>\n\n\n\n<figure class=\"wp-block-image size-large\"><img loading=\"lazy\" decoding=\"async\" width=\"768\" height=\"1024\" data-id=\"1010\" src=\"https:\/\/www.caninelite.net\/wp-content\/uploads\/2025\/07\/Pingu1-768x1024.jpeg\" alt=\"\" class=\"wp-image-1010\" srcset=\"http:\/\/www.caninelite.net\/wp-content\/uploads\/2025\/07\/Pingu1-768x1024.jpeg 768w, http:\/\/www.caninelite.net\/wp-content\/uploads\/2025\/07\/Pingu1-225x300.jpeg 225w, http:\/\/www.caninelite.net\/wp-content\/uploads\/2025\/07\/Pingu1-1152x1536.jpeg 1152w, http:\/\/www.caninelite.net\/wp-content\/uploads\/2025\/07\/Pingu1.jpeg 1536w\" sizes=\"auto, (max-width: 768px) 100vw, 768px\" \/><\/figure>\n<\/figure>\n\n\n\n<hr class=\"wp-block-separator has-alpha-channel-opacity\"\/>\n","protected":false},"excerpt":{"rendered":"<p>Caninelite Oopsie Daisy &#8211; Sooda SBTpedigree.com KoiraNet-jalostustietoj\u00e4rjestelm\u00e4 HC &amp; L2HGA clear by parentage Caninelite Tiny Tornado &#8211; Helmi SBTpedigree.com KoiraNet-jalostustietoj\u00e4rjestelm\u00e4 HC &amp; L2HGA clear by parentage Caninelite Hold My Beer &#8211; Seppo SBTpedigree.com KoiraNet-jalostustietoj\u00e4rjestelm\u00e4 HC &amp; L2HGA clear by parentage Caninelite Unexpected Plot Twist &#8211; Lemmy SBTpedigree.com KoiraNet-jalostustietoj\u00e4rjestelm\u00e4 HC &amp; L2HGA clear by parentage Caninelite&hellip; <a href=\"http:\/\/www.caninelite.net\/index.php\/komplikaatio-complications-17-4-2025\/\" class=\"more-link\">Jatka lukemista <span class=\"screen-reader-text\">Komplikaatio &#8211; Complications &#8211; 17.4.2025<\/span><\/a><\/p>\n","protected":false},"author":1,"featured_media":0,"parent":0,"menu_order":0,"comment_status":"closed","ping_status":"closed","template":"","meta":{"footnotes":""},"class_list":["post-998","page","type-page","status-publish","hentry","without-featured-image"],"_links":{"self":[{"href":"http:\/\/www.caninelite.net\/index.php\/wp-json\/wp\/v2\/pages\/998","targetHints":{"allow":["GET"]}}],"collection":[{"href":"http:\/\/www.caninelite.net\/index.php\/wp-json\/wp\/v2\/pages"}],"about":[{"href":"http:\/\/www.caninelite.net\/index.php\/wp-json\/wp\/v2\/types\/page"}],"author":[{"embeddable":true,"href":"http:\/\/www.caninelite.net\/index.php\/wp-json\/wp\/v2\/users\/1"}],"replies":[{"embeddable":true,"href":"http:\/\/www.caninelite.net\/index.php\/wp-json\/wp\/v2\/comments?post=998"}],"version-history":[{"count":3,"href":"http:\/\/www.caninelite.net\/index.php\/wp-json\/wp\/v2\/pages\/998\/revisions"}],"predecessor-version":[{"id":1114,"href":"http:\/\/www.caninelite.net\/index.php\/wp-json\/wp\/v2\/pages\/998\/revisions\/1114"}],"wp:attachment":[{"href":"http:\/\/www.caninelite.net\/index.php\/wp-json\/wp\/v2\/media?parent=998"}],"curies":[{"name":"wp","href":"https:\/\/api.w.org\/{rel}","templated":true}]}}